k and z?
6
Let h = 13 + -20. Let b(a) = 3 - 5*a**2 + 3 - 30*a - 7*a. Let i be b(h). Calculate the greatest common factor of 70 and i.
10
Let g = -741 + 95. Let r = -25 - g. What is the highest common divisor of 27 and r?
27
Let f be 1/5 + (7 - 11/5). Suppose -3*o = -f*v - 28, 3*o - 2*v + 0*v - 31 = 0. What is the highest common factor of o and 77?
11
Let i(q) = 2*q**3 + 2*q**2 - 2*q - 1. Let g be i(2). Let z = 51850 + -51812. Calculate the highest common factor of g and z.
19
Suppose -64*w = -55*w + 1368. Let c = 188 + w. Calculate the highest common factor of 96 and c.
12
Suppose -4*f + 2*g - 4*g + 6 = 0, f + 6 = -3*g. Suppose f + 3 = 3*y. Suppose 11*s - y*s - 693 = 0. What is the highest common factor of s and 11?
11
Let t = -38 - 42. Let x(m) = -2*m**3 - 22*m**2 + 17*m + 15. Let p be x(-12). Let l = p + t. Calculate the greatest common factor of l and 228.
19
Let d(k) = -2*k**3 - 11*k**2 - 7*k + 10. Let h be d(-6). What is the greatest common divisor of 550 and h?
22
Let c be 2/(216/52 - 4). Let q(l) = -l + 29. Let i be q(c). What is the greatest common divisor of 176 and i?
16
Let t(y) = -y**2 + 30*y - 117. Let j = 54 + -29. Let l be t(j). What is the greatest common factor of l and 8?
8
Let u(h) be the first derivative of 18*h**2 - 59*h - 44. Let m be u(9). What is the highest common factor of 106 and m?
53
Let y(h) be the third derivative of 0*h - 1/2*h**3 + 3/8*h**4 + 0 - 5*h**2. Let o be y(5). Calculate the highest common divisor of o and 6.
6
Let o = 1813595 - 1813588. Let h be (-10)/6 - (-2)/3. Let l be h/(-2) - (-278)/4. Calculate the highest common factor of l and o.
7
Let j(g) = -2793*g - 2095. Let t be j(-7). What is the greatest common factor of 64 and t?
16
Let s be 3/18*(287 - -122059). Calculate the greatest common factor of s and 42.
21
Suppose -2*y + 48*u + 42 = 49*u, -5*y - 2*u = -104. Let x = 6 + -8. Let q be 2 + -1 + x + 3. What is the greatest common factor of y and q?
2
Suppose -179*n - 504 = -193*n. Calculate the greatest common factor of n and 918.
18
Let n be 9 + (1034/(-154) + 6)/((-2)/(-14)). Calculate the greatest common divisor of n and 15004.
4
Let b = -32 - -36. Suppose -b*l = -3*l - 74. Let v = l - 61. What is the greatest common divisor of v and 143?
13
Let w(y) = 5*y**2 - 4*y**2 - 52*y + 48*y + 13. Let t be w(6). Suppose 5*o - t = 5. What is the highest common factor of 42 and o?
6
Let x be (18810/(-209))/((-3)/34). Calculate the highest common divisor of 40 and x.
20
Let h = 40 + -32. Let r = h + -14. Let n be (-10)/(-40) - r/8. Calculate the greatest common factor of 11 and n.
1
Suppose -9*w = -2 + 38. Let b(v) = v**2 - 3. Let u be b(w). Calculate the highest common divisor of 104 and u.
13
Suppose -3*g = 6 - 9, -2*t = 4*g - 3760. Suppose 2*o - t = -3*s + o, -5*s + 3144 = -3*o. Calculate the greatest common factor of 22 and s.
11
Let r be (-4)/(-8)*2 + (2 - 1). Suppose 6*a + 117 = 2*u + 5*a, -r*u = 4*a - 92. Calculate the highest common divisor of u and 40.
8
Let l = -3 - -3. Let v(o) be the first derivative of -o**3/3 + 26*o + 63. Let c be v(l). What is the greatest common divisor of c and 104?
26
Suppose 0 = -6*w + 3*w + 510. Suppose -10*s + 795 = -9*s - 3*n, 3*s - 2325 = 3*n. Calculate the greatest common factor of s and w.
85
Suppose 0 = 3*h + 11*h - 15190. What is the greatest common factor of h and 14?
7
Let q be 5/((-175)/(-1715)*7/22). What is the highest common divisor of q and 224?
14
Let x = 2039 - 1413. Let p be (1 - 21/27) + x/18. Suppose k + 2*y = 18, -k + 15 - 5 = -2*y. Calculate the highest common factor of k and p.
7
Let j(p) = -p**3 - 3*p**2 + 8*p + 3. Let n be j(-5). Let w be 66 + 159 - (0 + 4). What is the highest common factor of n and w?
13
Let l(f) = 11*f**2 - 26*f + 57. Let m be l(6). Suppose 4*b = 3*x + 1203, 5*x + m = b + 8*x. What is the greatest common factor of 24 and b?
12
Suppose -11*a + 15*a = i - 1506, 3*i + a - 4440 = 0. Let j(f) = 12*f - 54. Let l be j(14). Calculate the highest common divisor of l and i.
114
Suppose 0 = -193*v + 166*v + 78732. Calculate the highest common factor of v and 36.
36
Suppose 5*j + z = 1628, -16*z = -17*z + 3. What is the greatest common factor of 5 and j?
5
Let k(w) be the second derivative of 4*w**3/3 + 224*w**2 + 271*w. Let s be k(-37). Calculate the highest common factor of 32 and s.
8
Suppose 39 = 253*t - 240*t. Let u be 24/(3*3/9). What is the greatest common divisor of t and u?
3
Suppose 147*o = 142*o + 2*k + 3042, -2*k - 602 = -o. What is the greatest common factor of 4 and o?
2
Suppose -5*l + 40 = -85. Let s(k) = -k**3 - 2*k**2 - k - 2. Let v be s(-3). Suppose 70 = v*t - 3*t. Calculate the greatest common divisor of l and t.
5
Suppose 3*n + 314 = 4*s, 2*n - 304 = 40*s - 44*s. What is the highest common divisor of s and 264?
11
Let k(d) = d**2 - 2*d + 3. Let y be k(-6). Let b be (-1204)/(-56)*17*2. Let a = b - 714. What is the highest common factor of a and y?
17
Suppose v + 494 = -3*r - 0*r, 0 = 3*r - 5*v + 500. Let d = r - -169. Calculate the highest common divisor of d and 18.
2
Suppose -2*o = -2*m + 3*m - 981, -5*o - m + 2457 = 0. Calculate the greatest common factor of o and 4551.
123
Suppose 3*w + 0*z = 3*z + 63, 0 = 4*w + 5*z - 84. Suppose 16*l - 36 = -5*o + 15*l, -18 = -5*o + 2*l. What is the greatest common divisor of o and w?
3
Suppose 322*a = 208*a + 14706. Calculate the highest common divisor of a and 48.
3
Suppose -d + 3*t + 163 = 0, 28*t + 1075 = 9*d + 29*t. Let f be 2*26*1/(-2). Let r = 37 + f. Calculate the greatest common divisor of d and r.
11
Suppose -2*m = 5*p - 7, -3*m + 3*p = -0*m - 21. Let q = -85 - m. Let y = -86 - q. Calculate the greatest common divisor of y and 20.
5
Suppose -5*q - 586 = -5*t + 629, -3*t = 5*q - 737. Calculate the highest common factor of t and 10736.
244
Let w(a) = a**2 + 80*a + 163. Let s be w(-79). Calculate the greatest common divisor of s and 2884.
28
Let b = 0 - -2. Suppose 3*f = -4*o + 268, -b*o + 87 + 5 = f. Suppose -4*q + 148*q + 4392 - 12456 = 0. What is the highest common divisor of q and f?
28
Let v be (2 + 10)*(-2)/(-12)*2. Let w be 40/16 - ((-2)/v + 0). What is the greatest common factor of w and 1?
1
Suppose -5419*h + 201075 = 3358*h + 798*h. Suppose p - 15 = -6. Let u = 177 - p. Calculate the highest common factor of u and h.
21
Let l(s) = 4*s**2 + 5*s - 61. Let z be l(5). Let b(t) = -10*t**3 + t**2 + t - 2. Let r be b(-2). Calculate the greatest common divisor of r and z.
16
Let x(v) = -v**3 + 11*v**2 + 20*v + 93. Let k be x(13). Calculate the highest common divisor of 265 and k.
5
Suppose 2*p + a = 8, 4*a = -4*p + 10 + 14. Suppose -2*w + p = -w. Calculate the highest common factor of w and 82.
2
Suppose -25686 = -6*q - 2003 + 10949. Calculate the highest common divisor of 74 and q.
74
Suppose -428*g - 53533 + 360022 - 5605 = 0. What is the highest common divisor of g and 3626?
37
Let k be 1/(-2) - ((-1425)/(-2))/(-5). Let u be (k - -5) + -7 - 4. What is the highest common factor of u and 17?
17
Let m = 23 - 20. Suppose 10 = 2*v, 6*v = -4*k + 3*v + 27. Suppose -2*u - y = -135, -192 = -k*u - y + m*y. What is the greatest common divisor of 6 and u?
6
Suppose -5*q = -3*m + 318, 0*q - 46 = q - 5*m. Let h = -3 - q. Let b be (2 - 5)/(4 - h/15). What is the greatest common divisor of 10 and b?
5
Let u(p) = 1. Let l(a) = a - 47. Let h(d) = -l(d) - 4*u(d). Let g be h(38). What is the greatest common divisor of g and 25?
5
Let f = 536 + -531. Suppose -37 = -h + 5*a + 44, 5*a = -f*h + 375. What is the greatest common factor of h and 19?
19
Let b be 178/6 - (-3)/9. Let d be 2/(2 - 59/b). Let t(x) = 3*x**2 + 70*x - 10467. Let u be t(-72). What is the highest common divisor of u and d?
15
Suppose -1999 = -5*i + 4*o, 6*i = i - 2*o + 2023. Let h = -43173 - -43186. What is the greatest common factor of i and h?
13
Let c(l) = -2*l**3 - 142*l**2 - 3*l + 155. Let i be c(-71). Calculate the greatest common factor of i and 48.
16
Suppose 0 = -2*b + z + 130, -15*b = -16*b - 2*z + 60. Calculate the highest common divisor of b and 3136.
64
Let f(q) = -18*q - 62. Let u be f(-6). Calculate the greatest common factor of u and 4.
2
Suppose -8676*g = -8645*g - 837. What is the highest common divisor of 10881 and g?
27
Let o be 2/9 - ((-680)/102)/(6/133). What is the highest common factor of o and 569